[INFO] cloning repository https://github.com/betrusted-io/xous-core
[INFO] running `Command { std: "git" "-c" "credential.helper=" "-c" "credential.helper=/workspace/cargo-home/bin/git-credential-null" "clone" "--bare" "https://github.com/betrusted-io/xous-core" "/workspace/cache/git-repos/https%3A%2F%2Fgithub.com%2Fbetrusted-io%2Fxous-core", kill_on_drop: false }`
[INFO] [stderr] Cloning into bare repository '/workspace/cache/git-repos/https%3A%2F%2Fgithub.com%2Fbetrusted-io%2Fxous-core'...
[INFO] running `Command { std: "git" "rev-parse" "HEAD", kill_on_drop: false }`
[INFO] [stdout] 12acdbef5b23631804683cae58635e05e5316c01
[INFO] checking betrusted-io/xous-core against master#e6e4f7ed1589e03bc2f6c5931c1a72e7947e8682 for beta-170-4
[INFO] running `Command { std: "git" "clone" "/workspace/cache/git-repos/https%3A%2F%2Fgithub.com%2Fbetrusted-io%2Fxous-core" "/workspace/builds/worker-5-tc2/source", kill_on_drop: false }`
[INFO] [stderr] Cloning into '/workspace/builds/worker-5-tc2/source'...
[INFO] [stderr] done.
[INFO] validating manifest of git repo https://github.com/betrusted-io/xous-core on toolchain e6e4f7ed1589e03bc2f6c5931c1a72e7947e8682
[INFO] running `Command { std: CARGO_HOME="/workspace/cargo-home" RUSTUP_HOME="/workspace/rustup-home" "/workspace/cargo-home/bin/cargo" "+e6e4f7ed1589e03bc2f6c5931c1a72e7947e8682" "metadata" "--manifest-path" "Cargo.toml" "--no-deps", kill_on_drop: false }`
[INFO] removed /workspace/builds/worker-5-tc2/source/.cargo/config
[INFO] started tweaking git repo https://github.com/betrusted-io/xous-core
[INFO] finished tweaking git repo https://github.com/betrusted-io/xous-core
[INFO] tweaked toml for git repo https://github.com/betrusted-io/xous-core written to /workspace/builds/worker-5-tc2/source/Cargo.toml
[INFO] crate git repo https://github.com/betrusted-io/xous-core already has a lockfile, it will not be regenerated
[INFO] running `Command { std: CARGO_HOME="/workspace/cargo-home" RUSTUP_HOME="/workspace/rustup-home" "/workspace/cargo-home/bin/cargo" "+e6e4f7ed1589e03bc2f6c5931c1a72e7947e8682" "fetch" "--manifest-path" "Cargo.toml", kill_on_drop: false }`
[INFO] running `Command { std: "docker" "create" "-v" "/var/lib/crater-agent-workspace/builds/worker-5-tc2/target:/opt/rustwide/target:rw,Z" "-v" "/var/lib/crater-agent-workspace/builds/worker-5-tc2/source:/opt/rustwide/workdir:ro,Z" "-v" "/var/lib/crater-agent-workspace/cargo-home:/opt/rustwide/cargo-home:ro,Z" "-v" "/var/lib/crater-agent-workspace/rustup-home:/opt/rustwide/rustup-home:ro,Z" "-e" "SOURCE_DIR=/opt/rustwide/workdir" "-e" "CARGO_TARGET_DIR=/opt/rustwide/target" "-e" "CARGO_HOME=/opt/rustwide/cargo-home" "-e" "RUSTUP_HOME=/opt/rustwide/rustup-home" "-w" "/opt/rustwide/workdir" "-m" "1610612736" "--user" "0:0" "--network" "none" "ghcr.io/rust-lang/crates-build-env/linux@sha256:19e73879b68f455e41552ea35293514db52ea292d993f571636dbffedb77a1ee" "/opt/rustwide/cargo-home/bin/cargo" "+e6e4f7ed1589e03bc2f6c5931c1a72e7947e8682" "metadata" "--no-deps" "--format-version=1", kill_on_drop: false }`
[INFO] [stdout] 6029d43e36e054a1be59071c67540807c6cf98f0c24cd3747f4a1e3a5d0941bd
[INFO] running `Command { std: "docker" "start" "-a" "6029d43e36e054a1be59071c67540807c6cf98f0c24cd3747f4a1e3a5d0941bd", kill_on_drop: false }`
[INFO] running `Command { std: "docker" "inspect" "6029d43e36e054a1be59071c67540807c6cf98f0c24cd3747f4a1e3a5d0941bd", kill_on_drop: false }`
[INFO] running `Command { std: "docker" "rm" "-f" "6029d43e36e054a1be59071c67540807c6cf98f0c24cd3747f4a1e3a5d0941bd", kill_on_drop: false }`
[INFO] [stdout] 6029d43e36e054a1be59071c67540807c6cf98f0c24cd3747f4a1e3a5d0941bd
[INFO] running `Command { std: "docker" "create" "-v" "/var/lib/crater-agent-workspace/builds/worker-5-tc2/target:/opt/rustwide/target:rw,Z" "-v" "/var/lib/crater-agent-workspace/builds/worker-5-tc2/source:/opt/rustwide/workdir:ro,Z" "-v" "/var/lib/crater-agent-workspace/cargo-home:/opt/rustwide/cargo-home:ro,Z" "-v" "/var/lib/crater-agent-workspace/rustup-home:/opt/rustwide/rustup-home:ro,Z" "-e" "SOURCE_DIR=/opt/rustwide/workdir" "-e" "CARGO_TARGET_DIR=/opt/rustwide/target" "-e" "CARGO_INCREMENTAL=0" "-e" "RUST_BACKTRACE=full" "-e" "RUSTFLAGS=--cap-lints=forbid" "-e" "RUSTDOCFLAGS=--cap-lints=forbid" "-e" "CARGO_HOME=/opt/rustwide/cargo-home" "-e" "RUSTUP_HOME=/opt/rustwide/rustup-home" "-w" "/opt/rustwide/workdir" "-m" "1610612736" "--user" "0:0" "--network" "none" "ghcr.io/rust-lang/crates-build-env/linux@sha256:19e73879b68f455e41552ea35293514db52ea292d993f571636dbffedb77a1ee" "/opt/rustwide/cargo-home/bin/cargo" "+e6e4f7ed1589e03bc2f6c5931c1a72e7947e8682" "check" "--frozen" "--all" "--all-targets" "--message-format=json", kill_on_drop: false }`
[INFO] [stdout] d23674886a8d2fa220fb2d9534d2c8221f19d1d38dfff5f98a290810b3ff23af
[INFO] running `Command { std: "docker" "start" "-a" "d23674886a8d2fa220fb2d9534d2c8221f19d1d38dfff5f98a290810b3ff23af", kill_on_drop: false }`
[INFO] [stderr] warning: mtxcli v0.7.0 (/opt/rustwide/workdir/apps/mtxcli) ignoring invalid dependency `status` which is missing a lib target
[INFO] [stderr]    Compiling unicode-ident v1.0.0
[INFO] [stderr]    Compiling syn v1.0.103
[INFO] [stderr]    Compiling libc v0.2.126
[INFO] [stderr]    Compiling log v0.4.17
[INFO] [stderr]    Compiling xous v0.9.44
[INFO] [stderr]    Compiling rkyv v0.4.3
[INFO] [stderr]     Checking seahash v4.1.0
[INFO] [stderr]     Checking xous-semver v0.1.2
[INFO] [stderr]    Compiling memoffset v0.6.5
[INFO] [stderr]    Compiling num-traits v0.2.15
[INFO] [stderr]    Compiling serde_json v1.0.82
[INFO] [stderr]    Compiling getrandom v0.1.16
[INFO] [stderr]    Compiling num-integer v0.1.45
[INFO] [stderr]     Checking once_cell v1.17.1
[INFO] [stderr]    Compiling serde v1.0.139
[INFO] [stderr]    Compiling glob v0.3.0
[INFO] [stderr]    Compiling proc-macro2 v1.0.47
[INFO] [stderr]    Compiling pkg-config v0.3.25
[INFO] [stderr]     Checking com_rs v0.1.0 (https://github.com/betrusted-io/com_rs?rev=891bdd3ca8e41f81510d112483e178aea3e3a921#891bdd3c)
[INFO] [stderr]     Checking digest v0.9.0
[INFO] [stderr]    Compiling xml-rs v0.8.4
[INFO] [stderr]     Checking libloading v0.7.3
[INFO] [stderr]     Checking block-buffer v0.9.0
[INFO] [stderr]     Checking remove_dir_all v0.5.3
[INFO] [stderr]     Checking fastrand v1.7.0
[INFO] [stderr]     Checking minimal-lexical v0.2.1
[INFO] [stderr]     Checking scoped-tls v1.0.0
[INFO] [stderr]     Checking downcast-rs v1.2.0
[INFO] [stderr]     Checking dlib v0.5.0
[INFO] [stderr]     Checking cty v0.2.2
[INFO] [stderr]     Checking subtle v2.4.1
[INFO] [stderr]     Checking hex v0.4.3
[INFO] [stderr]     Checking byteorder v1.4.3
[INFO] [stderr]     Checking raw-window-handle v0.4.3
[INFO] [stderr]    Compiling semver v1.0.9
[INFO] [stderr]    Compiling quote v1.0.21
[INFO] [stderr]    Compiling unicode-xid v0.2.3
[INFO] [stderr]     Checking nom v7.1.1
[INFO] [stderr]     Checking crypto-common v0.1.6
[INFO] [stderr]    Compiling miniz_oxide v0.4.4
[INFO] [stderr]     Checking checked_int_cast v1.0.0
[INFO] [stderr]    Compiling gam v0.1.0 (/opt/rustwide/workdir/services/gam)
[INFO] [stderr]     Checking usb-device v0.2.8 (https://github.com/betrusted-io/usb-device.git?branch=main#31de6a25)
[INFO] [stderr]    Compiling serde_derive v1.0.139
[INFO] [stderr]     Checking qrcode v0.12.0
[INFO] [stderr]    Compiling jobserver v0.1.26
[INFO] [stderr]    Compiling wayland-scanner v0.29.4
[INFO] [stderr]    Compiling wayland-sys v0.29.4
[INFO] [stderr]    Compiling x11-dl v2.19.1
[INFO] [stderr]     Checking nb v1.0.0
[INFO] [stderr]    Compiling cc v1.0.73
[INFO] [stderr]     Checking nb v0.1.3
[INFO] [stderr]     Checking void v1.0.2
[INFO] [stderr]     Checking block-padding v0.3.2
[INFO] [stderr]     Checking embedded-hal v0.2.7
[INFO] [stderr]    Compiling rustc_version v0.4.0
[INFO] [stderr]     Checking inout v0.1.3
[INFO] [stderr]    Compiling num-rational v0.3.2
[INFO] [stderr]    Compiling num-iter v0.1.43
[INFO] [stderr]    Compiling radium v0.6.2
[INFO] [stderr]     Checking cipher v0.4.3
[INFO] [stderr]     Checking tap v1.0.1
[INFO] [stderr]    Compiling frunk_core v0.4.0
[INFO] [stderr]     Checking wyz v0.4.0
[INFO] [stderr]     Checking num-complex v0.3.1
[INFO] [stderr]    Compiling packed_struct v0.10.0
[INFO] [stderr]     Checking funty v1.2.0
[INFO] [stderr]     Checking bit_field v0.9.0
[INFO] [stderr]     Checking spin v0.9.3
[INFO] [stderr]    Compiling heapless v0.7.13
[INFO] [stderr]     Checking hash32 v0.2.1
[INFO] [stderr]     Checking stable_deref_trait v1.2.0
[INFO] [stderr]     Checking itm_logger v0.1.2
[INFO] [stderr]     Checking aes v0.8.1 (/opt/rustwide/workdir/services/aes)
[INFO] [stderr]     Checking bitmask v0.5.0
[INFO] [stderr]     Checking vcell v0.1.3
[INFO] [stderr]     Checking bitfield v0.13.2
[INFO] [stderr]     Checking engine25519-as v0.1.0 (https://github.com/betrusted-io/engine25519-as.git?rev=d249c967556b02ab5439eacb5078fa00c60b93d6#d249c967)
[INFO] [stderr]     Checking usbd-serial v0.1.1
[INFO] [stderr]     Checking getrandom v0.2.6 (/opt/rustwide/workdir/imports/getrandom)
[INFO] [stderr]     Checking time v0.1.44
[INFO] [stderr]     Checking nix v0.22.3
[INFO] [stderr]     Checking tempfile v3.3.0
[INFO] [stderr]     Checking rand_core v0.6.3
[INFO] [stderr]     Checking rand_core v0.5.1
[INFO] [stderr]     Checking num v0.3.1
[INFO] [stderr]     Checking embedded-time v0.12.1
[INFO] [stderr]     Checking bitvec v0.22.3
[INFO] [stderr]     Checking crypto-mac v0.11.1
[INFO] [stderr]     Checking rand_chacha v0.3.1
[INFO] [stderr]     Checking signature v1.4.0
[INFO] [stderr]     Checking chrono v0.4.19
[INFO] [stderr]     Checking rand_chacha v0.2.2
[INFO] [stderr]     Checking ed25519 v1.5.2
[INFO] [stderr]     Checking hmac v0.11.0
[INFO] [stderr]     Checking rand v0.8.5
[INFO] [stderr]     Checking rand v0.7.3
[INFO] [stderr]     Checking cipher v0.3.0
[INFO] [stderr]    Compiling minifb v0.23.0
[INFO] [stderr]     Checking xcursor v0.3.4
[INFO] [stderr]     Checking universal-hash v0.5.0
[INFO] [stderr]    Compiling wayland-client v0.29.4
[INFO] [stderr]    Compiling wayland-protocols v0.29.4
[INFO] [stderr]     Checking polyval v0.6.0
[INFO] [stderr]     Checking ctr v0.9.1
[INFO] [stderr]     Checking aead v0.5.0
[INFO] [stderr]     Checking untrusted v0.7.1
[INFO] [stderr]     Checking blowfish v0.8.0
[INFO] [stderr]     Checking aes-kw v0.2.1
[INFO] [stderr]     Checking hkdf v0.11.0
[INFO] [stderr]     Checking atty v0.2.14
[INFO] [stderr]     Checking blowfish v0.9.1
[INFO] [stderr]    Compiling proc-macro-error-attr v1.0.4
[INFO] [stderr]    Compiling ring v0.16.20 (https://github.com/betrusted-io/ring-xous?rev=4296c2e7904898766cf7d8d589759a129794783b#4296c2e7)
[INFO] [stderr]    Compiling proc-macro-error v1.0.4
[INFO] [stderr]     Checking quick-xml v0.28.1
[INFO] [stderr]     Checking convert_case v0.4.0
[INFO] [stderr]     Checking spin v0.5.2
[INFO] [stderr]     Checking regex-automata v0.1.10
[INFO] [stderr]     Checking csv-core v0.1.10
[INFO] [stderr]     Checking itoa v0.4.8
[INFO] [stderr]     Checking unicode-width v0.1.9
[INFO] [stderr]     Checking managed v0.8.0
[INFO] [stderr]     Checking ansi_term v0.12.1
[INFO] [stderr]     Checking textwrap v0.11.0
[INFO] [stderr]     Checking vec_map v0.8.2
[INFO] [stderr]     Checking base64ct v1.5.0
[INFO] [stderr]    Compiling crossbeam-utils v0.8.8
[INFO] [stderr]    Compiling virtue v0.0.8
[INFO] [stderr]     Checking clap v2.34.0
[INFO] [stderr]     Checking smoltcp v0.8.1
[INFO] [stderr]     Checking digest v0.10.3
[INFO] [stderr]    Compiling build_const v0.2.2
[INFO] [stderr]     Checking svd2utra v0.1.17
[INFO] [stderr]     Checking const-oid v0.7.1
[INFO] [stderr]     Checking quick-error v1.2.3
[INFO] [stderr]     Checking der v0.5.1
[INFO] [stderr]     Checking zero v0.1.2
[INFO] [stderr]     Checking no-std-net v0.5.0
[INFO] [stderr]    Compiling crc v1.8.1
[INFO] [stderr]     Checking humantime v1.3.0
[INFO] [stderr]     Checking xmas-elf v0.9.0
[INFO] [stderr]     Checking hmac v0.12.1
[INFO] [stderr]     Checking pem v0.8.3
[INFO] [stderr]     Checking env_logger v0.7.1
[INFO] [stderr]     Checking sntpc v0.3.1
[INFO] [stderr]    Compiling crossbeam-epoch v0.9.8
[INFO] [stderr]     Checking crossbeam-channel v0.5.4
[INFO] [stderr]     Checking ff v0.11.1
[INFO] [stderr]     Checking cbor v0.1.0 (/opt/rustwide/workdir/apps/vault/libraries/cbor)
[INFO] [stderr]     Checking group v0.11.0
[INFO] [stderr]     Checking base16ct v0.1.1
[INFO] [stderr]     Checking num_cpus v1.13.1
[INFO] [stderr]    Compiling proc-macro-hack v0.5.19
[INFO] [stderr]    Compiling rayon-core v1.9.3
[INFO] [stderr]    Compiling bincode_derive v2.0.0-rc.2
[INFO] [stderr]     Checking unicode-normalization v0.1.21
[INFO] [stderr]    Compiling cast v0.2.7
[INFO] [stderr]     Checking cbc v0.1.2
[INFO] [stderr]     Checking either v1.6.1
[INFO] [stderr]     Checking hex v0.3.2
[INFO] [stderr]     Checking spki v0.5.4
[INFO] [stderr]    Compiling protobuf v3.1.0
[INFO] [stderr]     Checking form_urlencoded v1.0.1
[INFO] [stderr]    Compiling anyhow v1.0.58
[INFO] [stderr]    Compiling zstd-sys v2.0.8+zstd.1.5.5
[INFO] [stderr]    Compiling indexmap v1.9.1
[INFO] [stderr]     Checking crossbeam-deque v0.8.1
[INFO] [stderr]    Compiling rayon v1.5.3
[INFO] [stderr]     Checking plotters-backend v0.3.2
[INFO] [stderr]     Checking idna v0.2.3
[INFO] [stderr]     Checking plotters-svg v0.3.1
[INFO] [stderr]     Checking itertools v0.10.3
[INFO] [stderr]    Compiling ffi-sys v0.1.0 (/opt/rustwide/workdir/services/ffi-test/sys)
[INFO] [stderr]     Checking miniz_oxide v0.5.1
[INFO] [stderr]     Checking half v1.8.2
[INFO] [stderr]     Checking wayland-commons v0.29.4
[INFO] [stderr]     Checking bincode v2.0.0-rc.2
[INFO] [stderr]     Checking url v2.2.2
[INFO] [stderr]    Compiling ident_case v1.0.1
[INFO] [stderr]    Compiling synstructure v0.12.6
[INFO] [stderr]    Compiling frunk_proc_macro_helpers v0.1.0
[INFO] [stderr]     Checking same-file v1.0.6
[INFO] [stderr]    Compiling rustls v0.20.6
[INFO] [stderr]    Compiling hashbrown v0.12.3
[INFO] [stderr]    Compiling strsim v0.10.0
[INFO] [stderr]    Compiling which v4.3.0
[INFO] [stderr]     Checking walkdir v2.3.2
[INFO] [stderr]    Compiling darling_core v0.13.4
[INFO] [stderr]     Checking flate2 v1.0.24
[INFO] [stderr]    Compiling locales v0.1.0 (/opt/rustwide/workdir/locales)
[INFO] [stderr]     Checking plotters v0.3.1
[INFO] [stderr]    Compiling bzip2-sys v0.1.11+1.0.8
[INFO] [stderr]    Compiling hidapi v1.4.1
[INFO] [stderr]     Checking sha2-loader v0.9.5 (/opt/rustwide/workdir/loader/sha2-loader)
[INFO] [stdout] error[E0433]: failed to resolve: use of undeclared crate or module `utralib`
[INFO] [stdout]  --> loader/sha2-loader/src/lib.rs:7:5
[INFO] [stdout]   |
[INFO] [stdout] 7 | use utralib::generated::*;
[INFO] [stdout]   |     ^^^^^^^ use of undeclared crate or module `utralib`
[INFO] [stdout] 
[INFO] [stdout] 
[INFO] [stdout] error[E0433]: failed to resolve: use of undeclared crate or module `utra`
[INFO] [stdout]   --> loader/sha2-loader/src/lib.rs:18:32
[INFO] [stdout]    |
[INFO] [stdout] 18 |         let mut csr = CSR::new(utra::sha512::HW_SHA512_BASE as *mut u32);
[INFO] [stdout]    |                                ^^^^ use of undeclared crate or module `utra`
[INFO] [stdout] 
[INFO] [stdout] 
[INFO] [stdout] error[E0433]: failed to resolve: use of undeclared crate or module `utra`
[INFO] [stdout]   --> loader/sha2-loader/src/lib.rs:19:17
[INFO] [stdout]    |
[INFO] [stdout] 19 |         csr.wfo(utra::sha512::POWER_ON, 1);
[INFO] [stdout]    |                 ^^^^ use of undeclared crate or module `utra`
[INFO] [stdout] 
[INFO] [stdout] 
[INFO] [stdout] error[E0433]: failed to resolve: use of undeclared crate or module `utra`
[INFO] [stdout]   --> loader/sha2-loader/src/lib.rs:21:16
[INFO] [stdout]    |
[INFO] [stdout] 21 |         csr.wo(utra::sha512::CONFIG,
[INFO] [stdout]    |                ^^^^ use of undeclared crate or module `utra`
[INFO] [stdout] 
[INFO] [stdout] 
[INFO] [stdout] error[E0433]: failed to resolve: use of undeclared crate or module `utra`
[INFO] [stdout]   --> loader/sha2-loader/src/lib.rs:22:20
[INFO] [stdout]    |
[INFO] [stdout] 22 |             csr.ms(utra::sha512::CONFIG_DIGEST_SWAP, 1) |
[INFO] [stdout]    |                    ^^^^ use of undeclared crate or module `utra`
[INFO] [stdout] 
[INFO] [stdout] 
[INFO] [stdout] error[E0433]: failed to resolve: use of undeclared crate or module `utra`
[INFO] [stdout]   --> loader/sha2-loader/src/lib.rs:23:20
[INFO] [stdout]    |
[INFO] [stdout] 23 |             csr.ms(utra::sha512::CONFIG_ENDIAN_SWAP, 1) |
[INFO] [stdout]    |                    ^^^^ use of undeclared crate or module `utra`
[INFO] [stdout] 
[INFO] [stdout] 
[INFO] [stdout] error[E0433]: failed to resolve: use of undeclared crate or module `utra`
[INFO] [stdout]   --> loader/sha2-loader/src/lib.rs:24:20
[INFO] [stdout]    |
[INFO] [stdout] 24 |             csr.ms(utra::sha512::CONFIG_SHA_EN, 1)
[INFO] [stdout]    |                    ^^^^ use of undeclared crate or module `utra`
[INFO] [stdout] 
[INFO] [stdout] 
[INFO] [stdout] error[E0433]: failed to resolve: use of undeclared crate or module `utra`
[INFO] [stdout]   --> loader/sha2-loader/src/lib.rs:26:17
[INFO] [stdout]    |
[INFO] [stdout] 26 |         csr.wfo(utra::sha512::COMMAND_HASH_START, 1);
[INFO] [stdout]    |                 ^^^^ use of undeclared crate or module `utra`
[INFO] [stdout] 
[INFO] [stdout] 
[INFO] [stdout] error[E0433]: failed to resolve: use of undeclared crate or module `utra`
[INFO] [stdout]   --> loader/sha2-loader/src/lib.rs:36:22
[INFO] [stdout]    |
[INFO] [stdout] 36 |         self.csr.wfo(utra::sha512::POWER_ON, 0);
[INFO] [stdout]    |                      ^^^^ use of undeclared crate or module `utra`
[INFO] [stdout] 
[INFO] [stdout] 
[INFO] [stdout] error[E0433]: failed to resolve: use of undeclared crate or module `utra`
[INFO] [stdout]   --> loader/sha2-loader/src/lib.rs:48:21
[INFO] [stdout]    |
[INFO] [stdout] 48 |         self.csr.wo(utra::sha512::CONFIG, 0);  // clear all config bits, including EN, which resets the unit
[INFO] [stdout]    |                     ^^^^ use of undeclared crate or module `utra`
[INFO] [stdout] 
[INFO] [stdout] 
[INFO] [stdout] error[E0433]: failed to resolve: use of undeclared crate or module `utra`
[INFO] [stdout]   --> loader/sha2-loader/src/lib.rs:60:22
[INFO] [stdout]    |
[INFO] [stdout] 60 |         self.csr.wfo(utra::sha512::POWER_ON, 1);
[INFO] [stdout]    |                      ^^^^ use of undeclared crate or module `utra`
[INFO] [stdout] 
[INFO] [stdout] 
[INFO] [stdout] error[E0433]: failed to resolve: use of undeclared crate or module `utra`
[INFO] [stdout]   --> loader/sha2-loader/src/lib.rs:70:35
[INFO] [stdout]    |
[INFO] [stdout] 70 |                 while self.csr.rf(utra::sha512::FIFO_ALMOST_FULL) != 0 {
[INFO] [stdout]    |                                   ^^^^ use of undeclared crate or module `utra`
[INFO] [stdout] 
[INFO] [stdout] 
[INFO] [stdout] error[E0433]: failed to resolve: use of undeclared crate or module `utra`
[INFO] [stdout]   --> loader/sha2-loader/src/lib.rs:75:39
[INFO] [stdout]    |
[INFO] [stdout] 75 |                     while self.csr.rf(utra::sha512::FIFO_ALMOST_FULL) != 0 {
[INFO] [stdout]    |                                       ^^^^ use of undeclared crate or module `utra`
[INFO] [stdout] 
[INFO] [stdout] 
[INFO] [stdout] error[E0433]: failed to resolve: use of undeclared crate or module `utra`
[INFO] [stdout]   --> loader/sha2-loader/src/lib.rs:88:22
[INFO] [stdout]    |
[INFO] [stdout] 88 |         self.csr.wfo(utra::sha512::EV_PENDING_SHA512_DONE, 1); // clear the done if it's pending
[INFO] [stdout]    |                      ^^^^ use of undeclared crate or module `utra`
[INFO] [stdout] 
[INFO] [stdout] 
[INFO] [stdout] error[E0433]: failed to resolve: use of undeclared crate or module `utra`
[INFO] [stdout]   --> loader/sha2-loader/src/lib.rs:89:22
[INFO] [stdout]    |
[INFO] [stdout] 89 |         self.csr.wfo(utra::sha512::COMMAND_HASH_PROCESS, 1);
[INFO] [stdout]    |                      ^^^^ use of undeclared crate or module `utra`
[INFO] [stdout] 
[INFO] [stdout] 
[INFO] [stdout] error[E0433]: failed to resolve: use of undeclared crate or module `utra`
[INFO] [stdout]   --> loader/sha2-loader/src/lib.rs:90:27
[INFO] [stdout]    |
[INFO] [stdout] 90 |         while self.csr.rf(utra::sha512::EV_PENDING_SHA512_DONE) == 0 {
[INFO] [stdout]    |                           ^^^^ use of undeclared crate or module `utra`
[INFO] [stdout] 
[INFO] [stdout] 
[INFO] [stdout] error[E0433]: failed to resolve: use of undeclared crate or module `utra`
[INFO] [stdout]   --> loader/sha2-loader/src/lib.rs:92:22
[INFO] [stdout]    |
[INFO] [stdout] 92 |         self.csr.wfo(utra::sha512::EV_PENDING_SHA512_DONE, 1);
[INFO] [stdout]    |                      ^^^^ use of undeclared crate or module `utra`
[INFO] [stdout] 
[INFO] [stdout] 
[INFO] [stdout] error[E0433]: failed to resolve: use of undeclared crate or module `utra`
[INFO] [stdout]   --> loader/sha2-loader/src/lib.rs:94:48
[INFO] [stdout]    |
[INFO] [stdout] 94 |         let _length_in_bits: u64 = (self.csr.r(utra::sha512::MSG_LENGTH0) as u64) | ((self.csr.r(utra::sha512::MSG_LENGTH1) as u64) << 32);
[INFO] [stdout]    |                                                ^^^^ use of undeclared crate or module `utra`
[INFO] [stdout] 
[INFO] [stdout] 
[INFO] [stdout] error[E0433]: failed to resolve: use of undeclared crate or module `utra`
[INFO] [stdout]   --> loader/sha2-loader/src/lib.rs:94:98
[INFO] [stdout]    |
[INFO] [stdout] 94 |         let _length_in_bits: u64 = (self.csr.r(utra::sha512::MSG_LENGTH0) as u64) | ((self.csr.r(utra::sha512::MSG_LENGTH1) as u64) << 32);
[INFO] [stdout]    |                                                                                                  ^^^^ use of undeclared crate or module `utra`
[INFO] [stdout] 
[INFO] [stdout] 
[INFO] [stdout] error[E0433]: failed to resolve: use of undeclared crate or module `utra`
[INFO] [stdout]   --> loader/sha2-loader/src/lib.rs:97:13
[INFO] [stdout]    |
[INFO] [stdout] 97 |             utra::sha512::DIGEST00,
[INFO] [stdout]    |             ^^^^ use of undeclared crate or module `utra`
[INFO] [stdout] 
[INFO] [stdout] 
[INFO] [stdout] error[E0433]: failed to resolve: use of undeclared crate or module `utra`
[INFO] [stdout]   --> loader/sha2-loader/src/lib.rs:98:13
[INFO] [stdout]    |
[INFO] [stdout] 98 |             utra::sha512::DIGEST01,
[INFO] [stdout]    |             ^^^^ use of undeclared crate or module `utra`
[INFO] [stdout] 
[INFO] [stdout] 
[INFO] [stdout] error[E0433]: failed to resolve: use of undeclared crate or module `utra`
[INFO] [stdout]   --> loader/sha2-loader/src/lib.rs:99:13
[INFO] [stdout]    |
[INFO] [stdout] 99 |             utra::sha512::DIGEST10,
[INFO] [stdout]    |             ^^^^ use of undeclared crate or module `utra`
[INFO] [stdout] 
[INFO] [stdout] 
[INFO] [stdout] error[E0433]: failed to resolve: use of undeclared crate or module `utra`
[INFO] [stdout]    --> loader/sha2-loader/src/lib.rs:100:13
[INFO] [stdout]     |
[INFO] [stdout] 100 |             utra::sha512::DIGEST11,
[INFO] [stdout]     |             ^^^^ use of undeclared crate or module `utra`
[INFO] [stdout] 
[INFO] [stdout] 
[INFO] [stdout] error[E0433]: failed to resolve: use of undeclared crate or module `utra`
[INFO] [stdout]    --> loader/sha2-loader/src/lib.rs:101:13
[INFO] [stdout]     |
[INFO] [stdout] 101 |             utra::sha512::DIGEST20,
[INFO] [stdout]     |             ^^^^ use of undeclared crate or module `utra`
[INFO] [stdout] 
[INFO] [stdout] 
[INFO] [stdout] error[E0433]: failed to resolve: use of undeclared crate or module `utra`
[INFO] [stdout]    --> loader/sha2-loader/src/lib.rs:102:13
[INFO] [stdout]     |
[INFO] [stdout] 102 |             utra::sha512::DIGEST21,
[INFO] [stdout]     |             ^^^^ use of undeclared crate or module `utra`
[INFO] [stdout] 
[INFO] [stdout] 
[INFO] [stdout] error[E0433]: failed to resolve: use of undeclared crate or module `utra`
[INFO] [stdout]    --> loader/sha2-loader/src/lib.rs:103:13
[INFO] [stdout]     |
[INFO] [stdout] 103 |             utra::sha512::DIGEST30,
[INFO] [stdout]     |             ^^^^ use of undeclared crate or module `utra`
[INFO] [stdout] 
[INFO] [stdout] 
[INFO] [stdout] error[E0433]: failed to resolve: use of undeclared crate or module `utra`
[INFO] [stdout]    --> loader/sha2-loader/src/lib.rs:104:13
[INFO] [stdout]     |
[INFO] [stdout] 104 |             utra::sha512::DIGEST31,
[INFO] [stdout]     |             ^^^^ use of undeclared crate or module `utra`
[INFO] [stdout] 
[INFO] [stdout] 
[INFO] [stdout] error[E0433]: failed to resolve: use of undeclared crate or module `utra`
[INFO] [stdout]    --> loader/sha2-loader/src/lib.rs:105:13
[INFO] [stdout]     |
[INFO] [stdout] 105 |             utra::sha512::DIGEST40,
[INFO] [stdout]     |             ^^^^ use of undeclared crate or module `utra`
[INFO] [stdout] 
[INFO] [stdout] 
[INFO] [stdout] error[E0433]: failed to resolve: use of undeclared crate or module `utra`
[INFO] [stdout]    --> loader/sha2-loader/src/lib.rs:106:13
[INFO] [stdout]     |
[INFO] [stdout] 106 |             utra::sha512::DIGEST41,
[INFO] [stdout]     |             ^^^^ use of undeclared crate or module `utra`
[INFO] [stdout] 
[INFO] [stdout] 
[INFO] [stdout] error[E0433]: failed to resolve: use of undeclared crate or module `utra`
[INFO] [stdout]    --> loader/sha2-loader/src/lib.rs:107:13
[INFO] [stdout]     |
[INFO] [stdout] 107 |             utra::sha512::DIGEST50,
[INFO] [stdout]     |             ^^^^ use of undeclared crate or module `utra`
[INFO] [stdout] 
[INFO] [stdout] 
[INFO] [stdout] error[E0433]: failed to resolve: use of undeclared crate or module `utra`
[INFO] [stdout]    --> loader/sha2-loader/src/lib.rs:108:13
[INFO] [stdout]     |
[INFO] [stdout] 108 |             utra::sha512::DIGEST51,
[INFO] [stdout]     |             ^^^^ use of undeclared crate or module `utra`
[INFO] [stdout] 
[INFO] [stdout] 
[INFO] [stdout] error[E0433]: failed to resolve: use of undeclared crate or module `utra`
[INFO] [stdout]    --> loader/sha2-loader/src/lib.rs:109:13
[INFO] [stdout]     |
[INFO] [stdout] 109 |             utra::sha512::DIGEST60,
[INFO] [stdout]     |             ^^^^ use of undeclared crate or module `utra`
[INFO] [stdout] 
[INFO] [stdout] 
[INFO] [stdout] error[E0433]: failed to resolve: use of undeclared crate or module `utra`
[INFO] [stdout]    --> loader/sha2-loader/src/lib.rs:110:13
[INFO] [stdout]     |
[INFO] [stdout] 110 |             utra::sha512::DIGEST61,
[INFO] [stdout]     |             ^^^^ use of undeclared crate or module `utra`
[INFO] [stdout] 
[INFO] [stdout] 
[INFO] [stdout] error[E0433]: failed to resolve: use of undeclared crate or module `utra`
[INFO] [stdout]    --> loader/sha2-loader/src/lib.rs:111:13
[INFO] [stdout]     |
[INFO] [stdout] 111 |             utra::sha512::DIGEST70,
[INFO] [stdout]     |             ^^^^ use of undeclared crate or module `utra`
[INFO] [stdout] 
[INFO] [stdout] 
[INFO] [stdout] error[E0433]: failed to resolve: use of undeclared crate or module `utra`
[INFO] [stdout]    --> loader/sha2-loader/src/lib.rs:112:13
[INFO] [stdout]     |
[INFO] [stdout] 112 |             utra::sha512::DIGEST71,
[INFO] [stdout]     |             ^^^^ use of undeclared crate or module `utra`
[INFO] [stdout] 
[INFO] [stdout] 
[INFO] [stdout] error[E0433]: failed to resolve: use of undeclared crate or module `utra`
[INFO] [stdout]    --> loader/sha2-loader/src/lib.rs:119:21
[INFO] [stdout]     |
[INFO] [stdout] 119 |         self.csr.wo(utra::sha512::CONFIG, 0);  // clear all config bits, including EN, which resets the unit
[INFO] [stdout]     |                     ^^^^ use of undeclared crate or module `utra`
[INFO] [stdout] 
[INFO] [stdout] 
[INFO] [stdout] error[E0433]: failed to resolve: use of undeclared crate or module `utra`
[INFO] [stdout]    --> loader/sha2-loader/src/lib.rs:130:24
[INFO] [stdout]     |
[INFO] [stdout] 130 |         if self.csr.rf(utra::sha512::FIFO_RUNNING) != 0 {
[INFO] [stdout]     |                        ^^^^ use of undeclared crate or module `utra`
[INFO] [stdout] 
[INFO] [stdout] 
[INFO] [stdout] error[E0433]: failed to resolve: use of undeclared crate or module `utra`
[INFO] [stdout]    --> loader/sha2-loader/src/lib.rs:134:26
[INFO] [stdout]     |
[INFO] [stdout] 134 |             self.csr.wfo(utra::sha512::COMMAND_HASH_PROCESS, 1);
[INFO] [stdout]     |                          ^^^^ use of undeclared crate or module `utra`
[INFO] [stdout] 
[INFO] [stdout] 
[INFO] [stdout] error[E0433]: failed to resolve: use of undeclared crate or module `utra`
[INFO] [stdout]    --> loader/sha2-loader/src/lib.rs:135:26
[INFO] [stdout]     |
[INFO] [stdout] 135 |             self.csr.wfo(utra::sha512::EV_PENDING_SHA512_DONE, 1);
[INFO] [stdout]     |                          ^^^^ use of undeclared crate or module `utra`
[INFO] [stdout] 
[INFO] [stdout] 
[INFO] [stdout] error[E0433]: failed to resolve: use of undeclared crate or module `utra`
[INFO] [stdout]    --> loader/sha2-loader/src/lib.rs:136:31
[INFO] [stdout]     |
[INFO] [stdout] 136 |             while self.csr.rf(utra::sha512::EV_PENDING_SHA512_DONE) == 0 {
[INFO] [stdout]     |                               ^^^^ use of undeclared crate or module `utra`
[INFO] [stdout] 
[INFO] [stdout] 
[INFO] [stdout] error[E0433]: failed to resolve: use of undeclared crate or module `utra`
[INFO] [stdout]    --> loader/sha2-loader/src/lib.rs:141:22
[INFO] [stdout]     |
[INFO] [stdout] 141 |         self.csr.wfo(utra::sha512::EV_PENDING_SHA512_DONE, 1);
[INFO] [stdout]     |                      ^^^^ use of undeclared crate or module `utra`
[INFO] [stdout] 
[INFO] [stdout] 
[INFO] [stdout] error[E0433]: failed to resolve: use of undeclared crate or module `utra`
[INFO] [stdout]    --> loader/sha2-loader/src/lib.rs:142:21
[INFO] [stdout]     |
[INFO] [stdout] 142 |         self.csr.wo(utra::sha512::CONFIG, 0);  // clear all config bits, including EN, which resets the unit
[INFO] [stdout]     |                     ^^^^ use of undeclared crate or module `utra`
[INFO] [stdout] 
[INFO] [stdout] 
[INFO] [stdout] error[E0433]: failed to resolve: use of undeclared type `CSR`
[INFO] [stdout]   --> loader/sha2-loader/src/lib.rs:18:23
[INFO] [stdout]    |
[INFO] [stdout] 18 |         let mut csr = CSR::new(utra::sha512::HW_SHA512_BASE as *mut u32);
[INFO] [stdout]    |                       ^^^ use of undeclared type `CSR`
[INFO] [stdout] 
[INFO] [stdout] 
[INFO] [stdout] error[E0433]: failed to resolve: use of undeclared crate or module `utralib`
[INFO] [stdout]   --> loader/sha2-loader/src/lib.rs:31:19
[INFO] [stdout]    |
[INFO] [stdout] 31 |             fifo: utralib::HW_SHA512_MEM as *mut u32,
[INFO] [stdout]    |                   ^^^^^^^ use of undeclared crate or module `utralib`
[INFO] [stdout] 
[INFO] [stdout] 
[INFO] [stdout] error[E0433]: failed to resolve: use of undeclared crate or module `utralib`
[INFO] [stdout]   --> loader/sha2-loader/src/lib.rs:12:10
[INFO] [stdout]    |
[INFO] [stdout] 12 |     csr: utralib::CSR<u32>,
[INFO] [stdout]    |          ^^^^^^^ use of undeclared crate or module `utralib`
[INFO] [stdout] 
[INFO] [stdout] 
[INFO] [stdout] error[E0433]: failed to resolve: use of undeclared crate or module `utralib`
[INFO] [stdout]   --> loader/sha2-loader/src/lib.rs:96:27
[INFO] [stdout]    |
[INFO] [stdout] 96 |         let digest_regs: [utralib::Register; 16] = [
[INFO] [stdout]    |                           ^^^^^^^ use of undeclared crate or module `utralib`
[INFO] [stdout] 
[INFO] [stdout] 
[INFO] [stdout] error: aborting due to 46 previous errors
[INFO] [stdout] 
[INFO] [stdout] 
[INFO] [stdout] For more information about this error, try `rustc --explain E0433`.
[INFO] [stdout] 
[INFO] [stderr] error: could not compile `sha2-loader` (lib) due to 47 previous errors
[INFO] [stderr] warning: build failed, waiting for other jobs to finish...
[INFO] [stderr] error: failed to run custom build command for `ffi-sys v0.1.0 (/opt/rustwide/workdir/services/ffi-test/sys)`
[INFO] [stderr] note: To improve backtraces for build dependencies, set the CARGO_PROFILE_DEV_BUILD_OVERRIDE_DEBUG=true environment variable to enable debug information generation.
[INFO] [stderr] 
[INFO] [stderr] Caused by:
[INFO] [stderr]   process didn't exit successfully: `/opt/rustwide/target/debug/build/ffi-sys-27300f3ccad2b3b5/build-script-build` (exit status: 1)
[INFO] [stderr]   --- stdout
[INFO] [stderr]   OPT_LEVEL = Some("0")
[INFO] [stderr]   HOST = Some("x86_64-unknown-linux-gnu")
[INFO] [stderr]   CC_riscv32imac-unknown-none-elf = None
[INFO] [stderr]   CC_riscv32imac_unknown_none_elf = None
[INFO] [stderr]   TARGET_CC = None
[INFO] [stderr]   CC = Some("riscv64-unknown-elf-gcc")
[INFO] [stderr]   CFLAGS_riscv32imac-unknown-none-elf = None
[INFO] [stderr]   CFLAGS_riscv32imac_unknown_none_elf = None
[INFO] [stderr]   TARGET_CFLAGS = None
[INFO] [stderr]   CFLAGS = None
[INFO] [stderr]   CRATE_CC_NO_DEFAULTS = None
[INFO] [stderr]   DEBUG = Some("true")
[INFO] [stderr]   CARGO_CFG_TARGET_FEATURE = Some("fxsr,sse,sse2")
[INFO] [stderr]   running: "riscv64-unknown-elf-gcc" "-O0" "-ffunction-sections" "-fdata-sections" "-g" "-fno-omit-frame-pointer" "-march=rv32imac" "-mabi=ilp32" "-mcmodel=medany" "-I" "./" "-Wall" "-Wextra" "-DXOUS" "-DNO_STD" "-o" "/opt/rustwide/target/debug/build/ffi-sys-00ba07bc67c9ac17/out/ffi/ffi.o" "-c" "ffi/ffi.c"
[INFO] [stderr]   running: "riscv64-unknown-elf-gcc" "-O0" "-ffunction-sections" "-fdata-sections" "-g" "-fno-omit-frame-pointer" "-march=rv32imac" "-mabi=ilp32" "-mcmodel=medany" "-I" "./" "-Wall" "-Wextra" "-DXOUS" "-DNO_STD" "-o" "/opt/rustwide/target/debug/build/ffi-sys-00ba07bc67c9ac17/out/ffi/libc.o" "-c" "ffi/libc.c"
[INFO] [stderr] 
[INFO] [stderr]   --- stderr
[INFO] [stderr] 
[INFO] [stderr] 
[INFO] [stderr]   error occurred: Failed to find tool. Is `riscv64-unknown-elf-gcc` installed?
[INFO] [stderr] 
[INFO] [stderr] 
[INFO] running `Command { std: "docker" "inspect" "d23674886a8d2fa220fb2d9534d2c8221f19d1d38dfff5f98a290810b3ff23af", kill_on_drop: false }`
[INFO] running `Command { std: "docker" "rm" "-f" "d23674886a8d2fa220fb2d9534d2c8221f19d1d38dfff5f98a290810b3ff23af", kill_on_drop: false }`
[INFO] [stdout] d23674886a8d2fa220fb2d9534d2c8221f19d1d38dfff5f98a290810b3ff23af
